{"id":1319,"date":"2019-02-26T16:43:51","date_gmt":"2019-02-26T15:43:51","guid":{"rendered":"http:\/\/consultprevsante.com\/?page_id=1319"},"modified":"2021-11-01T16:55:34","modified_gmt":"2021-11-01T15:55:34","slug":"expertise-judiciaire","status":"publish","type":"page","link":"https:\/\/consultprevsante.com\/index.php\/expertise-judiciaire\/","title":{"rendered":"Expertise judiciaire"},"content":{"rendered":"\n<figure class=\"wp-block-image is-resized\"><img loading=\"lazy\" decoding=\"async\" src=\"http:\/\/consultprevsante.com\/wp-content\/uploads\/2021\/10\/AdobeStock_justice-4-1-1024x556.jpeg\" alt=\"\" class=\"wp-image-2319\" width=\"366\" height=\"198\"\/><\/figure>\n\n\n\n<h2 class=\"wp-block-heading\"><strong>&nbsp;<\/strong><\/h2>\n\n\n\n<p class=\"has-medium-font-size\"><span style=\"color:#313131\" class=\"tadv-color\"><span style=\"background-color:#f78da7\" class=\"tadv-background-color\">les diff\u00e9rentes missions<\/span><\/span><\/p>\n\n\n\n<p><\/p>\n\n\n\n<p><\/p>\n\n\n\n<p style=\"font-size:18px\"><span style=\"color:#313131\" class=\"tadv-color\">-expertise de partie ( missions aupr\u00e8s d&#8217;avocat ou de particulier).<\/span><\/p>\n\n\n\n<p style=\"font-size:18px\">&#8211;<span style=\"color:#313131\" class=\"tadv-color\">expertise  par ordonnance judiciaire.<\/span><\/p>\n\n\n\n<p style=\"font-size:18px\"> &#8211;<span style=\"color:#313131\" class=\"tadv-color\">estimation de la valeur d&#8217;un cabinet et d&#8217;une patient\u00e8le.<\/span><\/p>\n\n\n\n<p style=\"font-size:18px\" class=\"has-text-color has-very-dark-gray-color\">-Accompagnement des professionnels de sant\u00e9 lors d&#8217;un contentieux vis \u00e0 vis de la s\u00e9curit\u00e9 sociale ou d&#8217;une convocation devant le conseil de l&#8217;ordre.<\/p>\n\n\n\n<figure class=\"wp-block-image is-resized\"><img loading=\"lazy\" decoding=\"async\" src=\"http:\/\/consultprevsante.com\/wp-content\/uploads\/2021\/10\/justice-2-1024x683.jpeg\" alt=\"\" class=\"wp-image-2228\" width=\"287\" height=\"191\"\/><\/figure>\n\n\n\n<p style=\"font-size:18px\"><span style=\"color:#313131\" class=\"tadv-color\">L&#8217;expert est un technicien qui \u00e9claire la justice en toute impartialit\u00e9, neutralit\u00e9 et ind\u00e9pendance.<\/span><\/p>\n\n\n\n<p style=\"font-size:18px\"> <span style=\"color:#313131\" class=\"tadv-color\">L\u2019expertise&nbsp;est un avis fond\u00e9 sur l\u2019exp\u00e9rience, une mise en question des pratiques professionnelles, des r\u00e8gles de l\u2019art et de leurs limites. <\/span><\/p>\n\n\n\n<p style=\"font-size:18px\"><span style=\"color:#313131\" class=\"tadv-color\">Votre kin\u00e9sith\u00e9rapeute expert judiciaire et pr\u00e9venteur peut analyser les postes de travail pour permettre \u00e0<\/span><strong><span style=\"color:#313131\" class=\"tadv-color\"> l&#8217;entreprise <\/span><\/strong><span style=\"color:#313131\" class=\"tadv-color\">d&#8217;allier pr\u00e9vention et respect des normes juridiques; pour<\/span><strong><span style=\"color:#313131\" class=\"tadv-color\"> les salari\u00e9s<\/span><\/strong><span style=\"color:#313131\" class=\"tadv-color\">, l&#8217;expert peut les accompagner dans la reconnaissance de leur maladie professionnelle vis \u00e0 vis de la s\u00e9curit\u00e9 sociale.<\/span><\/p>\n\n\n\n<div class=\"wp-block-image\"><figure class=\"aligncenter is-resized\"><img loading=\"lazy\" decoding=\"async\" src=\"http:\/\/consultprevsante.com\/wp-content\/uploads\/2021\/10\/AdobeStock_just02-1024x671.jpeg\" alt=\"\" class=\"wp-image-2499\" width=\"332\" height=\"218\" srcset=\"https:\/\/consultprevsante.com\/wp-content\/uploads\/2021\/10\/AdobeStock_just02-1024x671.jpeg 1024w, https:\/\/consultprevsante.com\/wp-content\/uploads\/2021\/10\/AdobeStock_just02-300x197.jpeg 300w, https:\/\/consultprevsante.com\/wp-content\/uploads\/2021\/10\/AdobeStock_just02-768x503.jpeg 768w\" sizes=\"auto, (max-width: 332px) 100vw, 332px\" \/><\/figure><\/div>\n\n\n\n<p style=\"font-size:18px\"><span style=\"color:#313131\" class=\"tadv-color\">Le kin\u00e9sith\u00e9rapeute expert peut accompagner<strong> les professionnels de sant\u00e9 <\/strong>dans leurs d\u00e9marche de contentieux vis \u00e0 vis de la CPAM           (indus), ou tout autre expertise n\u00e9c\u00e9ssaire en relation avec un  dommage corporel ( accident de patient dans le cabinet, plainte au conseil de l&#8217;odre ou devant une juridiction). <\/span><\/p>\n\n\n\n<p style=\"font-size:18px\"><span style=\"color:#313131\" class=\"tadv-color\">Il a \u00e9galement la possibilit\u00e9 <strong>d&#8217;estimer votre activit\u00e9 professionnelle <\/strong>dans un d\u00e9sir de cessionde l&#8217;activit\u00e9 \u00e0 un confr\u00e8re, avec l&#8217;analyse et la connaissance des sp\u00e9cificit\u00e9s de la profession, valeur d&#8217;utilisation de certains mat\u00e9riels, zonage, sp\u00e9cialit\u00e9s, etc&#8230;par rapport \u00e0 un expert-comptable qui s&#8217; orientera uniquement sur les valeurs d\u00e9claratives des biens.<\/span><\/p>\n\n\n\n<div class=\"wp-block-image\"><figure class=\"aligncenter\"><img loading=\"lazy\" decoding=\"async\" width=\"244\" height=\"244\" src=\"http:\/\/consultprevsante.com\/wp-content\/uploads\/2021\/10\/Image-expertise.jpg\" alt=\"\" class=\"wp-image-1979\" srcset=\"https:\/\/consultprevsante.com\/wp-content\/uploads\/2021\/10\/Image-expertise.jpg 244w, https:\/\/consultprevsante.com\/wp-content\/uploads\/2021\/10\/Image-expertise-150x150.jpg 150w\" sizes=\"auto, (max-width: 244px) 100vw, 244px\" \/><\/figure><\/div>\n\n\n\n<figure class=\"wp-block-image alignwide\"><img loading=\"lazy\" decoding=\"async\" width=\"1024\" height=\"10\" src=\"http:\/\/consultprevsante.com\/wp-content\/uploads\/2019\/03\/trait-2-1024x10.jpg\" alt=\"\" class=\"wp-image-1543\" srcset=\"https:\/\/consultprevsante.com\/wp-content\/uploads\/2019\/03\/trait-2-1024x10.jpg 1024w, https:\/\/consultprevsante.com\/wp-content\/uploads\/2019\/03\/trait-2-300x3.jpg 300w, https:\/\/consultprevsante.com\/wp-content\/uploads\/2019\/03\/trait-2-768x8.jpg 768w, https:\/\/consultprevsante.com\/wp-content\/uploads\/2019\/03\/trait-2.jpg 1579w\" sizes=\"auto, (max-width: 1024px) 100vw, 1024px\" \/><\/figure>\n\n\n\n<div class=\"wp-block-button aligncenter is-style-outline is-style-outline--1\"><a class=\"wp-block-button__link has-text-color\" href=\"http:\/\/consultprevsante.com\/index.php\/contact\/\" style=\"color:#e4345a\">\u00a0 \u00a0 \u00a0 Contactez-nous\u00a0 \u00a0 \u00a0\u00a0<\/a><\/div>\n\n\n\n<h2 class=\"wp-block-heading\">&nbsp; &nbsp;<\/h2>\n","protected":false},"excerpt":{"rendered":"<p>&nbsp; les diff\u00e9rentes missions -expertise de partie ( missions aupr\u00e8s d&#8217;avocat ou de particulier). &#8211;expertise par ordonnance judiciaire. &#8211;estimation de la valeur d&#8217;un cabinet et d&#8217;une patient\u00e8le. -Accompagnement des professionnels de sant\u00e9 lors d&#8217;un contentieux vis \u00e0 vis de la s\u00e9curit\u00e9 sociale ou d&#8217;une convocation devant le conseil de l&#8217;ordre. L&#8217;expert est un technicien qui [&hellip;]<\/p>\n","protected":false},"author":1,"featured_media":0,"parent":0,"menu_order":0,"comment_status":"closed","ping_status":"closed","template":"","meta":{"footnotes":""},"class_list":["post-1319","page","type-page","status-publish","hentry","entry"],"yoast_head":"<!-- This site is optimized with the Yoast SEO plugin v24.3 - https:\/\/yoast.com\/wordpress\/plugins\/seo\/ -->\n<title>Expertise judiciaire - CONSULT PREV SANTE<\/title>\n<meta name=\"robots\" content=\"index, follow, max-snippet:-1, max-image-preview:large, max-video-preview:-1\" \/>\n<link rel=\"canonical\" href=\"https:\/\/consultprevsante.com\/index.php\/expertise-judiciaire\/\" \/>\n<meta property=\"og:locale\" content=\"fr_FR\" \/>\n<meta property=\"og:type\" content=\"article\" \/>\n<meta property=\"og:title\" content=\"Expertise judiciaire - CONSULT PREV SANTE\" \/>\n<meta property=\"og:description\" content=\"&nbsp; les diff\u00e9rentes missions -expertise de partie ( missions aupr\u00e8s d&#8217;avocat ou de particulier). &#8211;expertise par ordonnance judiciaire. &#8211;estimation de la valeur d&#8217;un cabinet et d&#8217;une patient\u00e8le. -Accompagnement des professionnels de sant\u00e9 lors d&#8217;un contentieux vis \u00e0 vis de la s\u00e9curit\u00e9 sociale ou d&#8217;une convocation devant le conseil de l&#8217;ordre. L&#8217;expert est un technicien qui [&hellip;]\" \/>\n<meta property=\"og:url\" content=\"https:\/\/consultprevsante.com\/index.php\/expertise-judiciaire\/\" \/>\n<meta property=\"og:site_name\" content=\"CONSULT PREV SANTE\" \/>\n<meta property=\"article:modified_time\" content=\"2021-11-01T15:55:34+00:00\" \/>\n<meta property=\"og:image\" content=\"http:\/\/consultprevsante.com\/wp-content\/uploads\/2021\/10\/AdobeStock_justice-4-1-1024x556.jpeg\" \/>\n<meta name=\"twitter:card\" content=\"summary_large_image\" \/>\n<meta name=\"twitter:label1\" content=\"Dur\u00e9e de lecture estim\u00e9e\" \/>\n\t<meta name=\"twitter:data1\" content=\"1 minute\" \/>\n<script type=\"application\/ld+json\" class=\"yoast-schema-graph\">{\"@context\":\"https:\/\/schema.org\",\"@graph\":[{\"@type\":\"WebPage\",\"@id\":\"https:\/\/consultprevsante.com\/index.php\/expertise-judiciaire\/\",\"url\":\"https:\/\/consultprevsante.com\/index.php\/expertise-judiciaire\/\",\"name\":\"Expertise judiciaire - CONSULT PREV SANTE\",\"isPartOf\":{\"@id\":\"https:\/\/consultprevsante.com\/#website\"},\"primaryImageOfPage\":{\"@id\":\"https:\/\/consultprevsante.com\/index.php\/expertise-judiciaire\/#primaryimage\"},\"image\":{\"@id\":\"https:\/\/consultprevsante.com\/index.php\/expertise-judiciaire\/#primaryimage\"},\"thumbnailUrl\":\"http:\/\/consultprevsante.com\/wp-content\/uploads\/2021\/10\/AdobeStock_justice-4-1-1024x556.jpeg\",\"datePublished\":\"2019-02-26T15:43:51+00:00\",\"dateModified\":\"2021-11-01T15:55:34+00:00\",\"breadcrumb\":{\"@id\":\"https:\/\/consultprevsante.com\/index.php\/expertise-judiciaire\/#breadcrumb\"},\"inLanguage\":\"fr-FR\",\"potentialAction\":[{\"@type\":\"ReadAction\",\"target\":[\"https:\/\/consultprevsante.com\/index.php\/expertise-judiciaire\/\"]}]},{\"@type\":\"ImageObject\",\"inLanguage\":\"fr-FR\",\"@id\":\"https:\/\/consultprevsante.com\/index.php\/expertise-judiciaire\/#primaryimage\",\"url\":\"https:\/\/consultprevsante.com\/wp-content\/uploads\/2021\/10\/AdobeStock_justice-4-1-e1635614340417.jpeg\",\"contentUrl\":\"https:\/\/consultprevsante.com\/wp-content\/uploads\/2021\/10\/AdobeStock_justice-4-1-e1635614340417.jpeg\",\"width\":280,\"height\":152},{\"@type\":\"BreadcrumbList\",\"@id\":\"https:\/\/consultprevsante.com\/index.php\/expertise-judiciaire\/#breadcrumb\",\"itemListElement\":[{\"@type\":\"ListItem\",\"position\":1,\"name\":\"Accueil\",\"item\":\"https:\/\/consultprevsante.com\/\"},{\"@type\":\"ListItem\",\"position\":2,\"name\":\"Expertise judiciaire\"}]},{\"@type\":\"WebSite\",\"@id\":\"https:\/\/consultprevsante.com\/#website\",\"url\":\"https:\/\/consultprevsante.com\/\",\"name\":\"CONSULT PREV SANTE\",\"description\":\"CONSULT PREV SANTE\",\"publisher\":{\"@id\":\"https:\/\/consultprevsante.com\/#organization\"},\"potentialAction\":[{\"@type\":\"SearchAction\",\"target\":{\"@type\":\"EntryPoint\",\"urlTemplate\":\"https:\/\/consultprevsante.com\/?s={search_term_string}\"},\"query-input\":{\"@type\":\"PropertyValueSpecification\",\"valueRequired\":true,\"valueName\":\"search_term_string\"}}],\"inLanguage\":\"fr-FR\"},{\"@type\":\"Organization\",\"@id\":\"https:\/\/consultprevsante.com\/#organization\",\"name\":\"CONSULT PREV SANTE\",\"url\":\"https:\/\/consultprevsante.com\/\",\"logo\":{\"@type\":\"ImageObject\",\"inLanguage\":\"fr-FR\",\"@id\":\"https:\/\/consultprevsante.com\/#\/schema\/logo\/image\/\",\"url\":\"https:\/\/consultprevsante.com\/wp-content\/uploads\/2019\/03\/cropped-logo-consult-4-1.jpg\",\"contentUrl\":\"https:\/\/consultprevsante.com\/wp-content\/uploads\/2019\/03\/cropped-logo-consult-4-1.jpg\",\"width\":300,\"height\":267,\"caption\":\"CONSULT PREV SANTE\"},\"image\":{\"@id\":\"https:\/\/consultprevsante.com\/#\/schema\/logo\/image\/\"}}]}<\/script>\n<!-- \/ Yoast SEO plugin. -->","yoast_head_json":{"title":"Expertise judiciaire - CONSULT PREV SANTE","robots":{"index":"index","follow":"follow","max-snippet":"max-snippet:-1","max-image-preview":"max-image-preview:large","max-video-preview":"max-video-preview:-1"},"canonical":"https:\/\/consultprevsante.com\/index.php\/expertise-judiciaire\/","og_locale":"fr_FR","og_type":"article","og_title":"Expertise judiciaire - CONSULT PREV SANTE","og_description":"&nbsp; les diff\u00e9rentes missions -expertise de partie ( missions aupr\u00e8s d&#8217;avocat ou de particulier). &#8211;expertise par ordonnance judiciaire. &#8211;estimation de la valeur d&#8217;un cabinet et d&#8217;une patient\u00e8le. -Accompagnement des professionnels de sant\u00e9 lors d&#8217;un contentieux vis \u00e0 vis de la s\u00e9curit\u00e9 sociale ou d&#8217;une convocation devant le conseil de l&#8217;ordre. L&#8217;expert est un technicien qui [&hellip;]","og_url":"https:\/\/consultprevsante.com\/index.php\/expertise-judiciaire\/","og_site_name":"CONSULT PREV SANTE","article_modified_time":"2021-11-01T15:55:34+00:00","og_image":[{"url":"http:\/\/consultprevsante.com\/wp-content\/uploads\/2021\/10\/AdobeStock_justice-4-1-1024x556.jpeg","type":"","width":"","height":""}],"twitter_card":"summary_large_image","twitter_misc":{"Dur\u00e9e de lecture estim\u00e9e":"1 minute"},"schema":{"@context":"https:\/\/schema.org","@graph":[{"@type":"WebPage","@id":"https:\/\/consultprevsante.com\/index.php\/expertise-judiciaire\/","url":"https:\/\/consultprevsante.com\/index.php\/expertise-judiciaire\/","name":"Expertise judiciaire - CONSULT PREV SANTE","isPartOf":{"@id":"https:\/\/consultprevsante.com\/#website"},"primaryImageOfPage":{"@id":"https:\/\/consultprevsante.com\/index.php\/expertise-judiciaire\/#primaryimage"},"image":{"@id":"https:\/\/consultprevsante.com\/index.php\/expertise-judiciaire\/#primaryimage"},"thumbnailUrl":"http:\/\/consultprevsante.com\/wp-content\/uploads\/2021\/10\/AdobeStock_justice-4-1-1024x556.jpeg","datePublished":"2019-02-26T15:43:51+00:00","dateModified":"2021-11-01T15:55:34+00:00","breadcrumb":{"@id":"https:\/\/consultprevsante.com\/index.php\/expertise-judiciaire\/#breadcrumb"},"inLanguage":"fr-FR","potentialAction":[{"@type":"ReadAction","target":["https:\/\/consultprevsante.com\/index.php\/expertise-judiciaire\/"]}]},{"@type":"ImageObject","inLanguage":"fr-FR","@id":"https:\/\/consultprevsante.com\/index.php\/expertise-judiciaire\/#primaryimage","url":"https:\/\/consultprevsante.com\/wp-content\/uploads\/2021\/10\/AdobeStock_justice-4-1-e1635614340417.jpeg","contentUrl":"https:\/\/consultprevsante.com\/wp-content\/uploads\/2021\/10\/AdobeStock_justice-4-1-e1635614340417.jpeg","width":280,"height":152},{"@type":"BreadcrumbList","@id":"https:\/\/consultprevsante.com\/index.php\/expertise-judiciaire\/#breadcrumb","itemListElement":[{"@type":"ListItem","position":1,"name":"Accueil","item":"https:\/\/consultprevsante.com\/"},{"@type":"ListItem","position":2,"name":"Expertise judiciaire"}]},{"@type":"WebSite","@id":"https:\/\/consultprevsante.com\/#website","url":"https:\/\/consultprevsante.com\/","name":"CONSULT PREV SANTE","description":"CONSULT PREV SANTE","publisher":{"@id":"https:\/\/consultprevsante.com\/#organization"},"potentialAction":[{"@type":"SearchAction","target":{"@type":"EntryPoint","urlTemplate":"https:\/\/consultprevsante.com\/?s={search_term_string}"},"query-input":{"@type":"PropertyValueSpecification","valueRequired":true,"valueName":"search_term_string"}}],"inLanguage":"fr-FR"},{"@type":"Organization","@id":"https:\/\/consultprevsante.com\/#organization","name":"CONSULT PREV SANTE","url":"https:\/\/consultprevsante.com\/","logo":{"@type":"ImageObject","inLanguage":"fr-FR","@id":"https:\/\/consultprevsante.com\/#\/schema\/logo\/image\/","url":"https:\/\/consultprevsante.com\/wp-content\/uploads\/2019\/03\/cropped-logo-consult-4-1.jpg","contentUrl":"https:\/\/consultprevsante.com\/wp-content\/uploads\/2019\/03\/cropped-logo-consult-4-1.jpg","width":300,"height":267,"caption":"CONSULT PREV SANTE"},"image":{"@id":"https:\/\/consultprevsante.com\/#\/schema\/logo\/image\/"}}]}},"_links":{"self":[{"href":"https:\/\/consultprevsante.com\/index.php\/wp-json\/wp\/v2\/pages\/1319","targetHints":{"allow":["GET"]}}],"collection":[{"href":"https:\/\/consultprevsante.com\/index.php\/wp-json\/wp\/v2\/pages"}],"about":[{"href":"https:\/\/consultprevsante.com\/index.php\/wp-json\/wp\/v2\/types\/page"}],"author":[{"embeddable":true,"href":"https:\/\/consultprevsante.com\/index.php\/wp-json\/wp\/v2\/users\/1"}],"replies":[{"embeddable":true,"href":"https:\/\/consultprevsante.com\/index.php\/wp-json\/wp\/v2\/comments?post=1319"}],"version-history":[{"count":56,"href":"https:\/\/consultprevsante.com\/index.php\/wp-json\/wp\/v2\/pages\/1319\/revisions"}],"predecessor-version":[{"id":2805,"href":"https:\/\/consultprevsante.com\/index.php\/wp-json\/wp\/v2\/pages\/1319\/revisions\/2805"}],"wp:attachment":[{"href":"https:\/\/consultprevsante.com\/index.php\/wp-json\/wp\/v2\/media?parent=1319"}],"curies":[{"name":"wp","href":"https:\/\/api.w.org\/{rel}","templated":true}]}}