{"id":1370,"date":"2019-02-26T17:21:25","date_gmt":"2019-02-26T16:21:25","guid":{"rendered":"http:\/\/consultprevsante.com\/?page_id=1370"},"modified":"2025-01-20T12:36:51","modified_gmt":"2025-01-20T11:36:51","slug":"prevention-emotionnelle","status":"publish","type":"page","link":"https:\/\/consultprevsante.com\/index.php\/prevention-emotionnelle\/","title":{"rendered":"les suivis de coaching"},"content":{"rendered":"\n<p>I\/<strong>Accompagnement des personnes atteintes de maladies chroniques ou maladies de civilisation<\/strong><strong>&nbsp;<\/strong>:<\/p>\n\n\n\n<p>&nbsp;&nbsp; <strong>1\/Cancer&nbsp;: apr\u00e8s un bilan individuel, accompagnement sur les 3 axes importants que sont&nbsp;<\/strong>:<\/p>\n\n\n\n<ul class=\"wp-block-list\">\n<li>La gestion \u00e9motionnelle de l\u2019annonce du diagnostic, et du choc \u00e9motionnel originel.<\/li>\n\n\n\n<li>Conseils sur les exercices physiques adapt\u00e9s<\/li>\n\n\n\n<li>Conseils sur l\u2019alimentation anti cancer<\/li>\n<\/ul>\n\n\n\n<p><strong>2\/ les maladies neurod\u00e9g\u00e9n\u00e9ratives&nbsp;(Parkinson, alzheimer, etc\u2026)&nbsp;<\/strong>:<\/p>\n\n\n\n<ul class=\"wp-block-list\">\n<li>Conseils pour mieux g\u00e9rer \u00e9motionnellement la diminution des capacit\u00e9s.<\/li>\n\n\n\n<li>Conseils d\u2019exercices pour maintenir la mobilit\u00e9<\/li>\n\n\n\n<li>Conseils alimentaires adapt\u00e9s<\/li>\n<\/ul>\n\n\n\n<p><strong>3\/ Maladies m\u00e9taboliques&nbsp;(diab\u00e8te, cholest\u00e9rol, etc..)<\/strong><\/p>\n\n\n\n<ul class=\"wp-block-list\">\n<li>Conseils sur la gestion \u00e9motionnelle de la consommation excessive des aliments en cause<\/li>\n\n\n\n<li>Conseils de nutrition individualis\u00e9s<\/li>\n\n\n\n<li>Conseils sur l\u2019exercice physique adapt\u00e9<\/li>\n<\/ul>\n\n\n\n<p><strong>II\/ Am\u00e9lioration des performances\u00a0:<\/strong> vous n&#8217;avez pas de pathologie mais vous sentez que vous avez besoin de changer quelque chose pour optimiser votre bien-\u00eatre?<\/p>\n\n\n\n<p>&nbsp;&nbsp;&nbsp;&nbsp;&nbsp;&nbsp;&nbsp;&nbsp;&nbsp;&nbsp;&nbsp; <strong>1&nbsp;\/ En individuel<\/strong><\/p>\n\n\n\n<p>&nbsp;&nbsp;&nbsp;&nbsp;&nbsp;&nbsp;&nbsp;&nbsp;&nbsp;&nbsp;&nbsp;&nbsp;&nbsp;&nbsp;&nbsp;&nbsp;&nbsp;&nbsp;&nbsp;&nbsp;&nbsp;&nbsp;&nbsp; ADULTES&nbsp;:<\/p>\n\n\n\n<ul class=\"wp-block-list\">\n<li>Aides \u00e0 la performance de gestion \u00e9motionnelle<\/li>\n\n\n\n<li>Am\u00e9liorations des performances physiques<\/li>\n\n\n\n<li>Am\u00e9lioration du bien-\u00eatre gr\u00e2ce \u00e0 l\u2019am\u00e9lioration de l\u2019alimentation<\/li>\n<\/ul>\n\n\n\n<p>                       ENFANTS&nbsp;:<\/p>\n\n\n\n<ul class=\"wp-block-list\">\n<li>Aide \u00e0 la performance des apprentissages<\/li>\n\n\n\n<li>Aide \u00e0 la gestion de la confiance en soi<\/li>\n<\/ul>\n\n\n\n<p style=\"font-size:18px\"><\/p>\n\n\n\n<figure class=\"wp-block-image size-full is-resized\"><img loading=\"lazy\" decoding=\"async\" width=\"950\" height=\"682\" src=\"https:\/\/consultprevsante.com\/wp-content\/uploads\/2025\/01\/PHOTO-D-ENFANT.jpg\" alt=\"\" class=\"wp-image-3021\" style=\"width:330px;height:auto\" srcset=\"https:\/\/consultprevsante.com\/wp-content\/uploads\/2025\/01\/PHOTO-D-ENFANT.jpg 950w, https:\/\/consultprevsante.com\/wp-content\/uploads\/2025\/01\/PHOTO-D-ENFANT-300x215.jpg 300w, https:\/\/consultprevsante.com\/wp-content\/uploads\/2025\/01\/PHOTO-D-ENFANT-768x551.jpg 768w\" sizes=\"auto, (max-width: 950px) 100vw, 950px\" \/><\/figure>\n\n\n\n\n\n<p style=\"font-size:18px\"><span style=\"color:#313131\" class=\"tadv-color\"><em>Le \u00ab&nbsp;corps&nbsp;\u00bb a ses raisons que la raison ne connait pas&nbsp;<\/em><\/span><\/p>\n\n\n\n<p style=\"font-size:18px\"><\/p>\n\n\n\n<div class=\"wp-block-button is-style-outline aligncenter is-style-outline--1\"><a class=\"wp-block-button__link wp-element-button\" href=\"https:\/\/www.doctolib.fr\/osteopathe\/vernaison\/solange-cabaup\">Prendre Rendez-vous<\/a><\/div>\n\n\n\n<figure class=\"wp-block-image alignwide\"><img loading=\"lazy\" decoding=\"async\" width=\"1024\" height=\"10\" src=\"http:\/\/consultprevsante.com\/wp-content\/uploads\/2019\/03\/trait-rose1-1-1024x10.jpg\" alt=\"\" class=\"wp-image-1739\" srcset=\"https:\/\/consultprevsante.com\/wp-content\/uploads\/2019\/03\/trait-rose1-1-1024x10.jpg 1024w, https:\/\/consultprevsante.com\/wp-content\/uploads\/2019\/03\/trait-rose1-1-300x3.jpg 300w, https:\/\/consultprevsante.com\/wp-content\/uploads\/2019\/03\/trait-rose1-1-768x8.jpg 768w, https:\/\/consultprevsante.com\/wp-content\/uploads\/2019\/03\/trait-rose1-1.jpg 1579w\" sizes=\"auto, (max-width: 1024px) 100vw, 1024px\" \/><\/figure>\n\n\n\n<blockquote class=\"wp-block-quote is-style-large is-layout-flow wp-block-quote-is-layout-flow\">\n<p><span style=\"color:#313131\" class=\"tadv-color\">\u00ab&nbsp;<\/span><em><span style=\"color:#313131\" class=\"tadv-color\">ne cherchez pas le pass\u00e9, ne cherchez pas le futur&nbsp;: le pass\u00e9 est \u00e9vanoui, le futur n\u2019est pas encore advenu. Mais observez cet objet qui est MAINTENANT&nbsp;\u00bb Bouddha<\/span><\/em><\/p>\n<\/blockquote>\n","protected":false},"excerpt":{"rendered":"<p>I\/Accompagnement des personnes atteintes de maladies chroniques ou maladies de civilisation&nbsp;: &nbsp;&nbsp; 1\/Cancer&nbsp;: apr\u00e8s un bilan individuel, accompagnement sur les 3 axes importants que sont&nbsp;: 2\/ les maladies neurod\u00e9g\u00e9n\u00e9ratives&nbsp;(Parkinson, alzheimer, etc\u2026)&nbsp;: 3\/ Maladies m\u00e9taboliques&nbsp;(diab\u00e8te, cholest\u00e9rol, etc..) II\/ Am\u00e9lioration des performances\u00a0: vous n&#8217;avez pas de pathologie mais vous sentez que vous avez besoin de changer quelque [&hellip;]<\/p>\n","protected":false},"author":1,"featured_media":0,"parent":0,"menu_order":0,"comment_status":"closed","ping_status":"closed","template":"","meta":{"footnotes":""},"class_list":["post-1370","page","type-page","status-publish","hentry","entry"],"yoast_head":"<!-- This site is optimized with the Yoast SEO plugin v24.3 - https:\/\/yoast.com\/wordpress\/plugins\/seo\/ -->\n<title>les suivis de coaching - CONSULT PREV SANTE<\/title>\n<meta name=\"robots\" content=\"index, follow, max-snippet:-1, max-image-preview:large, max-video-preview:-1\" \/>\n<link rel=\"canonical\" href=\"https:\/\/consultprevsante.com\/index.php\/prevention-emotionnelle\/\" \/>\n<meta property=\"og:locale\" content=\"fr_FR\" \/>\n<meta property=\"og:type\" content=\"article\" \/>\n<meta property=\"og:title\" content=\"les suivis de coaching - CONSULT PREV SANTE\" \/>\n<meta property=\"og:description\" content=\"I\/Accompagnement des personnes atteintes de maladies chroniques ou maladies de civilisation&nbsp;: &nbsp;&nbsp; 1\/Cancer&nbsp;: apr\u00e8s un bilan individuel, accompagnement sur les 3 axes importants que sont&nbsp;: 2\/ les maladies neurod\u00e9g\u00e9n\u00e9ratives&nbsp;(Parkinson, alzheimer, etc\u2026)&nbsp;: 3\/ Maladies m\u00e9taboliques&nbsp;(diab\u00e8te, cholest\u00e9rol, etc..) II\/ Am\u00e9lioration des performances\u00a0: vous n&#8217;avez pas de pathologie mais vous sentez que vous avez besoin de changer quelque [&hellip;]\" \/>\n<meta property=\"og:url\" content=\"https:\/\/consultprevsante.com\/index.php\/prevention-emotionnelle\/\" \/>\n<meta property=\"og:site_name\" content=\"CONSULT PREV SANTE\" \/>\n<meta property=\"article:modified_time\" content=\"2025-01-20T11:36:51+00:00\" \/>\n<meta property=\"og:image\" content=\"https:\/\/consultprevsante.com\/wp-content\/uploads\/2025\/01\/PHOTO-D-ENFANT.jpg\" \/>\n<meta name=\"twitter:card\" content=\"summary_large_image\" \/>\n<meta name=\"twitter:label1\" content=\"Dur\u00e9e de lecture estim\u00e9e\" \/>\n\t<meta name=\"twitter:data1\" content=\"1 minute\" \/>\n<script type=\"application\/ld+json\" class=\"yoast-schema-graph\">{\"@context\":\"https:\/\/schema.org\",\"@graph\":[{\"@type\":\"WebPage\",\"@id\":\"https:\/\/consultprevsante.com\/index.php\/prevention-emotionnelle\/\",\"url\":\"https:\/\/consultprevsante.com\/index.php\/prevention-emotionnelle\/\",\"name\":\"les suivis de coaching - CONSULT PREV SANTE\",\"isPartOf\":{\"@id\":\"https:\/\/consultprevsante.com\/#website\"},\"primaryImageOfPage\":{\"@id\":\"https:\/\/consultprevsante.com\/index.php\/prevention-emotionnelle\/#primaryimage\"},\"image\":{\"@id\":\"https:\/\/consultprevsante.com\/index.php\/prevention-emotionnelle\/#primaryimage\"},\"thumbnailUrl\":\"https:\/\/consultprevsante.com\/wp-content\/uploads\/2025\/01\/PHOTO-D-ENFANT.jpg\",\"datePublished\":\"2019-02-26T16:21:25+00:00\",\"dateModified\":\"2025-01-20T11:36:51+00:00\",\"breadcrumb\":{\"@id\":\"https:\/\/consultprevsante.com\/index.php\/prevention-emotionnelle\/#breadcrumb\"},\"inLanguage\":\"fr-FR\",\"potentialAction\":[{\"@type\":\"ReadAction\",\"target\":[\"https:\/\/consultprevsante.com\/index.php\/prevention-emotionnelle\/\"]}]},{\"@type\":\"ImageObject\",\"inLanguage\":\"fr-FR\",\"@id\":\"https:\/\/consultprevsante.com\/index.php\/prevention-emotionnelle\/#primaryimage\",\"url\":\"https:\/\/consultprevsante.com\/wp-content\/uploads\/2025\/01\/PHOTO-D-ENFANT.jpg\",\"contentUrl\":\"https:\/\/consultprevsante.com\/wp-content\/uploads\/2025\/01\/PHOTO-D-ENFANT.jpg\",\"width\":950,\"height\":682},{\"@type\":\"BreadcrumbList\",\"@id\":\"https:\/\/consultprevsante.com\/index.php\/prevention-emotionnelle\/#breadcrumb\",\"itemListElement\":[{\"@type\":\"ListItem\",\"position\":1,\"name\":\"Accueil\",\"item\":\"https:\/\/consultprevsante.com\/\"},{\"@type\":\"ListItem\",\"position\":2,\"name\":\"les suivis de coaching\"}]},{\"@type\":\"WebSite\",\"@id\":\"https:\/\/consultprevsante.com\/#website\",\"url\":\"https:\/\/consultprevsante.com\/\",\"name\":\"CONSULT PREV SANTE\",\"description\":\"CONSULT PREV SANTE\",\"publisher\":{\"@id\":\"https:\/\/consultprevsante.com\/#organization\"},\"potentialAction\":[{\"@type\":\"SearchAction\",\"target\":{\"@type\":\"EntryPoint\",\"urlTemplate\":\"https:\/\/consultprevsante.com\/?s={search_term_string}\"},\"query-input\":{\"@type\":\"PropertyValueSpecification\",\"valueRequired\":true,\"valueName\":\"search_term_string\"}}],\"inLanguage\":\"fr-FR\"},{\"@type\":\"Organization\",\"@id\":\"https:\/\/consultprevsante.com\/#organization\",\"name\":\"CONSULT PREV SANTE\",\"url\":\"https:\/\/consultprevsante.com\/\",\"logo\":{\"@type\":\"ImageObject\",\"inLanguage\":\"fr-FR\",\"@id\":\"https:\/\/consultprevsante.com\/#\/schema\/logo\/image\/\",\"url\":\"https:\/\/consultprevsante.com\/wp-content\/uploads\/2019\/03\/cropped-logo-consult-4-1.jpg\",\"contentUrl\":\"https:\/\/consultprevsante.com\/wp-content\/uploads\/2019\/03\/cropped-logo-consult-4-1.jpg\",\"width\":300,\"height\":267,\"caption\":\"CONSULT PREV SANTE\"},\"image\":{\"@id\":\"https:\/\/consultprevsante.com\/#\/schema\/logo\/image\/\"}}]}<\/script>\n<!-- \/ Yoast SEO plugin. -->","yoast_head_json":{"title":"les suivis de coaching - CONSULT PREV SANTE","robots":{"index":"index","follow":"follow","max-snippet":"max-snippet:-1","max-image-preview":"max-image-preview:large","max-video-preview":"max-video-preview:-1"},"canonical":"https:\/\/consultprevsante.com\/index.php\/prevention-emotionnelle\/","og_locale":"fr_FR","og_type":"article","og_title":"les suivis de coaching - CONSULT PREV SANTE","og_description":"I\/Accompagnement des personnes atteintes de maladies chroniques ou maladies de civilisation&nbsp;: &nbsp;&nbsp; 1\/Cancer&nbsp;: apr\u00e8s un bilan individuel, accompagnement sur les 3 axes importants que sont&nbsp;: 2\/ les maladies neurod\u00e9g\u00e9n\u00e9ratives&nbsp;(Parkinson, alzheimer, etc\u2026)&nbsp;: 3\/ Maladies m\u00e9taboliques&nbsp;(diab\u00e8te, cholest\u00e9rol, etc..) II\/ Am\u00e9lioration des performances\u00a0: vous n&#8217;avez pas de pathologie mais vous sentez que vous avez besoin de changer quelque [&hellip;]","og_url":"https:\/\/consultprevsante.com\/index.php\/prevention-emotionnelle\/","og_site_name":"CONSULT PREV SANTE","article_modified_time":"2025-01-20T11:36:51+00:00","og_image":[{"url":"https:\/\/consultprevsante.com\/wp-content\/uploads\/2025\/01\/PHOTO-D-ENFANT.jpg","type":"","width":"","height":""}],"twitter_card":"summary_large_image","twitter_misc":{"Dur\u00e9e de lecture estim\u00e9e":"1 minute"},"schema":{"@context":"https:\/\/schema.org","@graph":[{"@type":"WebPage","@id":"https:\/\/consultprevsante.com\/index.php\/prevention-emotionnelle\/","url":"https:\/\/consultprevsante.com\/index.php\/prevention-emotionnelle\/","name":"les suivis de coaching - CONSULT PREV SANTE","isPartOf":{"@id":"https:\/\/consultprevsante.com\/#website"},"primaryImageOfPage":{"@id":"https:\/\/consultprevsante.com\/index.php\/prevention-emotionnelle\/#primaryimage"},"image":{"@id":"https:\/\/consultprevsante.com\/index.php\/prevention-emotionnelle\/#primaryimage"},"thumbnailUrl":"https:\/\/consultprevsante.com\/wp-content\/uploads\/2025\/01\/PHOTO-D-ENFANT.jpg","datePublished":"2019-02-26T16:21:25+00:00","dateModified":"2025-01-20T11:36:51+00:00","breadcrumb":{"@id":"https:\/\/consultprevsante.com\/index.php\/prevention-emotionnelle\/#breadcrumb"},"inLanguage":"fr-FR","potentialAction":[{"@type":"ReadAction","target":["https:\/\/consultprevsante.com\/index.php\/prevention-emotionnelle\/"]}]},{"@type":"ImageObject","inLanguage":"fr-FR","@id":"https:\/\/consultprevsante.com\/index.php\/prevention-emotionnelle\/#primaryimage","url":"https:\/\/consultprevsante.com\/wp-content\/uploads\/2025\/01\/PHOTO-D-ENFANT.jpg","contentUrl":"https:\/\/consultprevsante.com\/wp-content\/uploads\/2025\/01\/PHOTO-D-ENFANT.jpg","width":950,"height":682},{"@type":"BreadcrumbList","@id":"https:\/\/consultprevsante.com\/index.php\/prevention-emotionnelle\/#breadcrumb","itemListElement":[{"@type":"ListItem","position":1,"name":"Accueil","item":"https:\/\/consultprevsante.com\/"},{"@type":"ListItem","position":2,"name":"les suivis de coaching"}]},{"@type":"WebSite","@id":"https:\/\/consultprevsante.com\/#website","url":"https:\/\/consultprevsante.com\/","name":"CONSULT PREV SANTE","description":"CONSULT PREV SANTE","publisher":{"@id":"https:\/\/consultprevsante.com\/#organization"},"potentialAction":[{"@type":"SearchAction","target":{"@type":"EntryPoint","urlTemplate":"https:\/\/consultprevsante.com\/?s={search_term_string}"},"query-input":{"@type":"PropertyValueSpecification","valueRequired":true,"valueName":"search_term_string"}}],"inLanguage":"fr-FR"},{"@type":"Organization","@id":"https:\/\/consultprevsante.com\/#organization","name":"CONSULT PREV SANTE","url":"https:\/\/consultprevsante.com\/","logo":{"@type":"ImageObject","inLanguage":"fr-FR","@id":"https:\/\/consultprevsante.com\/#\/schema\/logo\/image\/","url":"https:\/\/consultprevsante.com\/wp-content\/uploads\/2019\/03\/cropped-logo-consult-4-1.jpg","contentUrl":"https:\/\/consultprevsante.com\/wp-content\/uploads\/2019\/03\/cropped-logo-consult-4-1.jpg","width":300,"height":267,"caption":"CONSULT PREV SANTE"},"image":{"@id":"https:\/\/consultprevsante.com\/#\/schema\/logo\/image\/"}}]}},"_links":{"self":[{"href":"https:\/\/consultprevsante.com\/index.php\/wp-json\/wp\/v2\/pages\/1370","targetHints":{"allow":["GET"]}}],"collection":[{"href":"https:\/\/consultprevsante.com\/index.php\/wp-json\/wp\/v2\/pages"}],"about":[{"href":"https:\/\/consultprevsante.com\/index.php\/wp-json\/wp\/v2\/types\/page"}],"author":[{"embeddable":true,"href":"https:\/\/consultprevsante.com\/index.php\/wp-json\/wp\/v2\/users\/1"}],"replies":[{"embeddable":true,"href":"https:\/\/consultprevsante.com\/index.php\/wp-json\/wp\/v2\/comments?post=1370"}],"version-history":[{"count":24,"href":"https:\/\/consultprevsante.com\/index.php\/wp-json\/wp\/v2\/pages\/1370\/revisions"}],"predecessor-version":[{"id":3046,"href":"https:\/\/consultprevsante.com\/index.php\/wp-json\/wp\/v2\/pages\/1370\/revisions\/3046"}],"wp:attachment":[{"href":"https:\/\/consultprevsante.com\/index.php\/wp-json\/wp\/v2\/media?parent=1370"}],"curies":[{"name":"wp","href":"https:\/\/api.w.org\/{rel}","templated":true}]}}