{"id":990,"date":"2019-02-15T15:35:50","date_gmt":"2019-02-15T14:35:50","guid":{"rendered":"http:\/\/consultprevsante.com\/?page_id=990"},"modified":"2022-01-31T12:34:31","modified_gmt":"2022-01-31T11:34:31","slug":"sante-au-travail","status":"publish","type":"page","link":"https:\/\/consultprevsante.com\/index.php\/sante-au-travail\/","title":{"rendered":"Sant\u00e9 au travail"},"content":{"rendered":"\n<p style=\"font-size:18px\"><span style=\"color: #808080;\" class=\"tadv-format-panel\">&#8211;<\/span><\/p>\n\n\n\n<figure class=\"wp-block-image\"><img loading=\"lazy\" decoding=\"async\" width=\"262\" height=\"235\" src=\"http:\/\/consultprevsante.com\/wp-content\/uploads\/2021\/10\/ImageTMS-2.jpg\" alt=\"\" class=\"wp-image-2313\"\/><\/figure>\n\n\n\n<p style=\"font-size:18px\"><strong>Organisme&nbsp;de&nbsp;formation&nbsp;enregistr\u00e9&nbsp;sous&nbsp;le&nbsp;num\u00e9ro&nbsp;84691913269<\/strong><\/p>\n\n\n\n<p style=\"font-size:18px\">&nbsp;&nbsp;&nbsp;&nbsp;&nbsp;&nbsp;&nbsp;&nbsp;<\/p>\n\n\n\n<p style=\"font-size:18px\"><span style=\"color: #808080;\" class=\"tadv-format-panel\"><span style=\"color: #313131;\" class=\"tadv-color\"><strong><span style=\"background-color: #f78da7;\" class=\"tadv-background-color\">La Pr\u00e9vention de la sant\u00e9 au travail:&nbsp;les&nbsp;TMS&nbsp;                                  (Troubles&nbsp;musculo&nbsp;squelettiques)<\/span><\/strong><\/span><\/span><\/p>\n\n\n\n<p style=\"font-size:18px\"><strong><span style=\"color:#313131\" class=\"tadv-color\">Pour les entreprises:<\/span><\/strong><span style=\"color:#313131\" class=\"tadv-color\">  Des missions de formations de pr\u00e9vention intra muros sont programmables: Pr\u00e9vention des TMS aux postes de travail par une analyse individuelle de la gestuelle et de la posture des collaborateurs in situ. <\/span><\/p>\n\n\n\n<div class=\"wp-block-image\"><figure class=\"aligncenter\"><img loading=\"lazy\" decoding=\"async\" width=\"259\" height=\"246\" src=\"http:\/\/consultprevsante.com\/wp-content\/uploads\/2021\/10\/0-fps-entreprise-image-menu-1.png\" alt=\"\" class=\"wp-image-2680\"\/><\/figure><\/div>\n\n\n\n<p style=\"font-size:18px\"><span style=\"color:#313131\" class=\"tadv-color\"> La pr\u00e9vention des TMS devant \u00e9cran ou pr\u00e9vention des TMS en t\u00e9l\u00e9travail peut  se r\u00e9aliser sur site apr\u00e8s une pr\u00e9visite permettant de cibler les probl\u00e9matiques de chaque collaborateur<strong>. l<\/strong>e regard de l&#8217;expert , kin\u00e9sith\u00e9rapeute et pr\u00e9venteur , permet d&#8217;optimiser cette \u00e9tude des postes<strong>.&nbsp;Le&nbsp;format&nbsp;est&nbsp;\u00e9galement&nbsp;possible&nbsp;en&nbsp;visio-conf\u00e9rence.<\/strong><\/span><\/p>\n\n\n\n<figure class=\"wp-block-image is-resized\"><img loading=\"lazy\" decoding=\"async\" src=\"http:\/\/consultprevsante.com\/wp-content\/uploads\/2021\/10\/istock-prev-bureau.jpg\" alt=\"\" class=\"wp-image-2656\" width=\"344\" height=\"229\" srcset=\"https:\/\/consultprevsante.com\/wp-content\/uploads\/2021\/10\/istock-prev-bureau.jpg 600w, https:\/\/consultprevsante.com\/wp-content\/uploads\/2021\/10\/istock-prev-bureau-300x200.jpg 300w\" sizes=\"auto, (max-width: 344px) 100vw, 344px\" \/><\/figure>\n\n\n\n<p style=\"font-size:18px\"><br><strong><span style=\"color:#313131\" class=\"tadv-color\">Sur le plan individuel<\/span><\/strong><span style=\"color:#313131\" class=\"tadv-color\">: une anamn\u00e8se (r\u00e9pertorisation de tous les points cl\u00e9s) pour tenir compte de tous vos param\u00e8tres personnels, professionnels, de vos ant\u00e9c\u00e9dents, de votre parcours  de vie.  <\/span><\/p>\n\n\n\n<p style=\"font-size:18px\"><br><span style=\"color:#313131\" class=\"tadv-color\"> <\/span><\/p>\n\n\n\n<div class=\"wp-block-image\"><figure class=\"alignright is-resized\"><img loading=\"lazy\" decoding=\"async\" src=\"http:\/\/consultprevsante.com\/wp-content\/uploads\/2021\/10\/fps-picto-e1634058072197.png\" alt=\"\" class=\"wp-image-2108\" width=\"125\" height=\"237\"\/><\/figure><\/div>\n\n\n\n<p> <span style=\"color: #333333; font-size: 20px; font-weight: 600;\" class=\"tadv-format-panel\">&nbsp;<\/span><\/p>\n\n\n\n<p style=\"font-size:18px\"><span style=\"color:#313131\" class=\"tadv-color\"> Il s&#8217;en suit  un examen postural et\u00a0 physiologique avec  description des premiers liens que l\u2019on peut faire entre les \u00e9l\u00e9ments trouv\u00e9s. <br>Suivront des conseils de bon sens en relation avec le bilan  et une \u00e9valuation individuelle des acquis de la formation.<\/span><span style=\"color: #808080;\" class=\"tadv-format-panel\"><\/span><\/p>\n\n\n\n<p> <\/p>\n\n\n\n<figure class=\"wp-block-image alignwide\"><img loading=\"lazy\" decoding=\"async\" width=\"1024\" height=\"10\" src=\"http:\/\/consultprevsante.com\/wp-content\/uploads\/2019\/03\/trait-rose1-1-1024x10.jpg\" alt=\"\" class=\"wp-image-1739\" srcset=\"https:\/\/consultprevsante.com\/wp-content\/uploads\/2019\/03\/trait-rose1-1-1024x10.jpg 1024w, https:\/\/consultprevsante.com\/wp-content\/uploads\/2019\/03\/trait-rose1-1-300x3.jpg 300w, https:\/\/consultprevsante.com\/wp-content\/uploads\/2019\/03\/trait-rose1-1-768x8.jpg 768w, https:\/\/consultprevsante.com\/wp-content\/uploads\/2019\/03\/trait-rose1-1.jpg 1579w\" sizes=\"auto, (max-width: 1024px) 100vw, 1024px\" \/><\/figure>\n\n\n\n<div class=\"wp-block-button aligncenter is-style-outline is-style-outline--1\"><a class=\"wp-block-button__link\" href=\"http:\/\/consultprevsante.com\/index.php\/contact\/\">Contactez-nous<\/a><\/div>\n","protected":false},"excerpt":{"rendered":"<p>&#8211; Organisme&nbsp;de&nbsp;formation&nbsp;enregistr\u00e9&nbsp;sous&nbsp;le&nbsp;num\u00e9ro&nbsp;84691913269 &nbsp;&nbsp;&nbsp;&nbsp;&nbsp;&nbsp;&nbsp;&nbsp; La Pr\u00e9vention de la sant\u00e9 au travail:&nbsp;les&nbsp;TMS&nbsp; (Troubles&nbsp;musculo&nbsp;squelettiques) Pour les entreprises: Des missions de formations de pr\u00e9vention intra muros sont programmables: Pr\u00e9vention des TMS aux postes de travail par une analyse individuelle de la gestuelle et de la posture des collaborateurs in situ. La pr\u00e9vention des TMS devant \u00e9cran ou pr\u00e9vention des [&hellip;]<\/p>\n","protected":false},"author":1,"featured_media":0,"parent":0,"menu_order":0,"comment_status":"closed","ping_status":"closed","template":"","meta":{"footnotes":""},"class_list":["post-990","page","type-page","status-publish","hentry","entry"],"yoast_head":"<!-- This site is optimized with the Yoast SEO plugin v24.3 - https:\/\/yoast.com\/wordpress\/plugins\/seo\/ -->\n<title>Sant\u00e9 au travail - CONSULT PREV SANTE<\/title>\n<meta name=\"robots\" content=\"index, follow, max-snippet:-1, max-image-preview:large, max-video-preview:-1\" \/>\n<link rel=\"canonical\" href=\"https:\/\/consultprevsante.com\/index.php\/sante-au-travail\/\" \/>\n<meta property=\"og:locale\" content=\"fr_FR\" \/>\n<meta property=\"og:type\" content=\"article\" \/>\n<meta property=\"og:title\" content=\"Sant\u00e9 au travail - CONSULT PREV SANTE\" \/>\n<meta property=\"og:description\" content=\"&#8211; Organisme&nbsp;de&nbsp;formation&nbsp;enregistr\u00e9&nbsp;sous&nbsp;le&nbsp;num\u00e9ro&nbsp;84691913269 &nbsp;&nbsp;&nbsp;&nbsp;&nbsp;&nbsp;&nbsp;&nbsp; La Pr\u00e9vention de la sant\u00e9 au travail:&nbsp;les&nbsp;TMS&nbsp; (Troubles&nbsp;musculo&nbsp;squelettiques) Pour les entreprises: Des missions de formations de pr\u00e9vention intra muros sont programmables: Pr\u00e9vention des TMS aux postes de travail par une analyse individuelle de la gestuelle et de la posture des collaborateurs in situ. La pr\u00e9vention des TMS devant \u00e9cran ou pr\u00e9vention des [&hellip;]\" \/>\n<meta property=\"og:url\" content=\"https:\/\/consultprevsante.com\/index.php\/sante-au-travail\/\" \/>\n<meta property=\"og:site_name\" content=\"CONSULT PREV SANTE\" \/>\n<meta property=\"article:modified_time\" content=\"2022-01-31T11:34:31+00:00\" \/>\n<meta property=\"og:image\" content=\"http:\/\/consultprevsante.com\/wp-content\/uploads\/2021\/10\/ImageTMS-2.jpg\" \/>\n<meta name=\"twitter:card\" content=\"summary_large_image\" \/>\n<meta name=\"twitter:label1\" content=\"Dur\u00e9e de lecture estim\u00e9e\" \/>\n\t<meta name=\"twitter:data1\" content=\"1 minute\" \/>\n<script type=\"application\/ld+json\" class=\"yoast-schema-graph\">{\"@context\":\"https:\/\/schema.org\",\"@graph\":[{\"@type\":\"WebPage\",\"@id\":\"https:\/\/consultprevsante.com\/index.php\/sante-au-travail\/\",\"url\":\"https:\/\/consultprevsante.com\/index.php\/sante-au-travail\/\",\"name\":\"Sant\u00e9 au travail - CONSULT PREV SANTE\",\"isPartOf\":{\"@id\":\"https:\/\/consultprevsante.com\/#website\"},\"primaryImageOfPage\":{\"@id\":\"https:\/\/consultprevsante.com\/index.php\/sante-au-travail\/#primaryimage\"},\"image\":{\"@id\":\"https:\/\/consultprevsante.com\/index.php\/sante-au-travail\/#primaryimage\"},\"thumbnailUrl\":\"http:\/\/consultprevsante.com\/wp-content\/uploads\/2021\/10\/ImageTMS-2.jpg\",\"datePublished\":\"2019-02-15T14:35:50+00:00\",\"dateModified\":\"2022-01-31T11:34:31+00:00\",\"breadcrumb\":{\"@id\":\"https:\/\/consultprevsante.com\/index.php\/sante-au-travail\/#breadcrumb\"},\"inLanguage\":\"fr-FR\",\"potentialAction\":[{\"@type\":\"ReadAction\",\"target\":[\"https:\/\/consultprevsante.com\/index.php\/sante-au-travail\/\"]}]},{\"@type\":\"ImageObject\",\"inLanguage\":\"fr-FR\",\"@id\":\"https:\/\/consultprevsante.com\/index.php\/sante-au-travail\/#primaryimage\",\"url\":\"https:\/\/consultprevsante.com\/wp-content\/uploads\/2021\/10\/ImageTMS-2.jpg\",\"contentUrl\":\"https:\/\/consultprevsante.com\/wp-content\/uploads\/2021\/10\/ImageTMS-2.jpg\",\"width\":262,\"height\":235,\"caption\":\"SANTE AU TRAVAIL\"},{\"@type\":\"BreadcrumbList\",\"@id\":\"https:\/\/consultprevsante.com\/index.php\/sante-au-travail\/#breadcrumb\",\"itemListElement\":[{\"@type\":\"ListItem\",\"position\":1,\"name\":\"Accueil\",\"item\":\"https:\/\/consultprevsante.com\/\"},{\"@type\":\"ListItem\",\"position\":2,\"name\":\"Sant\u00e9 au travail\"}]},{\"@type\":\"WebSite\",\"@id\":\"https:\/\/consultprevsante.com\/#website\",\"url\":\"https:\/\/consultprevsante.com\/\",\"name\":\"CONSULT PREV SANTE\",\"description\":\"CONSULT PREV SANTE\",\"publisher\":{\"@id\":\"https:\/\/consultprevsante.com\/#organization\"},\"potentialAction\":[{\"@type\":\"SearchAction\",\"target\":{\"@type\":\"EntryPoint\",\"urlTemplate\":\"https:\/\/consultprevsante.com\/?s={search_term_string}\"},\"query-input\":{\"@type\":\"PropertyValueSpecification\",\"valueRequired\":true,\"valueName\":\"search_term_string\"}}],\"inLanguage\":\"fr-FR\"},{\"@type\":\"Organization\",\"@id\":\"https:\/\/consultprevsante.com\/#organization\",\"name\":\"CONSULT PREV SANTE\",\"url\":\"https:\/\/consultprevsante.com\/\",\"logo\":{\"@type\":\"ImageObject\",\"inLanguage\":\"fr-FR\",\"@id\":\"https:\/\/consultprevsante.com\/#\/schema\/logo\/image\/\",\"url\":\"https:\/\/consultprevsante.com\/wp-content\/uploads\/2019\/03\/cropped-logo-consult-4-1.jpg\",\"contentUrl\":\"https:\/\/consultprevsante.com\/wp-content\/uploads\/2019\/03\/cropped-logo-consult-4-1.jpg\",\"width\":300,\"height\":267,\"caption\":\"CONSULT PREV SANTE\"},\"image\":{\"@id\":\"https:\/\/consultprevsante.com\/#\/schema\/logo\/image\/\"}}]}<\/script>\n<!-- \/ Yoast SEO plugin. -->","yoast_head_json":{"title":"Sant\u00e9 au travail - CONSULT PREV SANTE","robots":{"index":"index","follow":"follow","max-snippet":"max-snippet:-1","max-image-preview":"max-image-preview:large","max-video-preview":"max-video-preview:-1"},"canonical":"https:\/\/consultprevsante.com\/index.php\/sante-au-travail\/","og_locale":"fr_FR","og_type":"article","og_title":"Sant\u00e9 au travail - CONSULT PREV SANTE","og_description":"&#8211; Organisme&nbsp;de&nbsp;formation&nbsp;enregistr\u00e9&nbsp;sous&nbsp;le&nbsp;num\u00e9ro&nbsp;84691913269 &nbsp;&nbsp;&nbsp;&nbsp;&nbsp;&nbsp;&nbsp;&nbsp; La Pr\u00e9vention de la sant\u00e9 au travail:&nbsp;les&nbsp;TMS&nbsp; (Troubles&nbsp;musculo&nbsp;squelettiques) Pour les entreprises: Des missions de formations de pr\u00e9vention intra muros sont programmables: Pr\u00e9vention des TMS aux postes de travail par une analyse individuelle de la gestuelle et de la posture des collaborateurs in situ. La pr\u00e9vention des TMS devant \u00e9cran ou pr\u00e9vention des [&hellip;]","og_url":"https:\/\/consultprevsante.com\/index.php\/sante-au-travail\/","og_site_name":"CONSULT PREV SANTE","article_modified_time":"2022-01-31T11:34:31+00:00","og_image":[{"url":"http:\/\/consultprevsante.com\/wp-content\/uploads\/2021\/10\/ImageTMS-2.jpg","type":"","width":"","height":""}],"twitter_card":"summary_large_image","twitter_misc":{"Dur\u00e9e de lecture estim\u00e9e":"1 minute"},"schema":{"@context":"https:\/\/schema.org","@graph":[{"@type":"WebPage","@id":"https:\/\/consultprevsante.com\/index.php\/sante-au-travail\/","url":"https:\/\/consultprevsante.com\/index.php\/sante-au-travail\/","name":"Sant\u00e9 au travail - CONSULT PREV SANTE","isPartOf":{"@id":"https:\/\/consultprevsante.com\/#website"},"primaryImageOfPage":{"@id":"https:\/\/consultprevsante.com\/index.php\/sante-au-travail\/#primaryimage"},"image":{"@id":"https:\/\/consultprevsante.com\/index.php\/sante-au-travail\/#primaryimage"},"thumbnailUrl":"http:\/\/consultprevsante.com\/wp-content\/uploads\/2021\/10\/ImageTMS-2.jpg","datePublished":"2019-02-15T14:35:50+00:00","dateModified":"2022-01-31T11:34:31+00:00","breadcrumb":{"@id":"https:\/\/consultprevsante.com\/index.php\/sante-au-travail\/#breadcrumb"},"inLanguage":"fr-FR","potentialAction":[{"@type":"ReadAction","target":["https:\/\/consultprevsante.com\/index.php\/sante-au-travail\/"]}]},{"@type":"ImageObject","inLanguage":"fr-FR","@id":"https:\/\/consultprevsante.com\/index.php\/sante-au-travail\/#primaryimage","url":"https:\/\/consultprevsante.com\/wp-content\/uploads\/2021\/10\/ImageTMS-2.jpg","contentUrl":"https:\/\/consultprevsante.com\/wp-content\/uploads\/2021\/10\/ImageTMS-2.jpg","width":262,"height":235,"caption":"SANTE AU TRAVAIL"},{"@type":"BreadcrumbList","@id":"https:\/\/consultprevsante.com\/index.php\/sante-au-travail\/#breadcrumb","itemListElement":[{"@type":"ListItem","position":1,"name":"Accueil","item":"https:\/\/consultprevsante.com\/"},{"@type":"ListItem","position":2,"name":"Sant\u00e9 au travail"}]},{"@type":"WebSite","@id":"https:\/\/consultprevsante.com\/#website","url":"https:\/\/consultprevsante.com\/","name":"CONSULT PREV SANTE","description":"CONSULT PREV SANTE","publisher":{"@id":"https:\/\/consultprevsante.com\/#organization"},"potentialAction":[{"@type":"SearchAction","target":{"@type":"EntryPoint","urlTemplate":"https:\/\/consultprevsante.com\/?s={search_term_string}"},"query-input":{"@type":"PropertyValueSpecification","valueRequired":true,"valueName":"search_term_string"}}],"inLanguage":"fr-FR"},{"@type":"Organization","@id":"https:\/\/consultprevsante.com\/#organization","name":"CONSULT PREV SANTE","url":"https:\/\/consultprevsante.com\/","logo":{"@type":"ImageObject","inLanguage":"fr-FR","@id":"https:\/\/consultprevsante.com\/#\/schema\/logo\/image\/","url":"https:\/\/consultprevsante.com\/wp-content\/uploads\/2019\/03\/cropped-logo-consult-4-1.jpg","contentUrl":"https:\/\/consultprevsante.com\/wp-content\/uploads\/2019\/03\/cropped-logo-consult-4-1.jpg","width":300,"height":267,"caption":"CONSULT PREV SANTE"},"image":{"@id":"https:\/\/consultprevsante.com\/#\/schema\/logo\/image\/"}}]}},"_links":{"self":[{"href":"https:\/\/consultprevsante.com\/index.php\/wp-json\/wp\/v2\/pages\/990","targetHints":{"allow":["GET"]}}],"collection":[{"href":"https:\/\/consultprevsante.com\/index.php\/wp-json\/wp\/v2\/pages"}],"about":[{"href":"https:\/\/consultprevsante.com\/index.php\/wp-json\/wp\/v2\/types\/page"}],"author":[{"embeddable":true,"href":"https:\/\/consultprevsante.com\/index.php\/wp-json\/wp\/v2\/users\/1"}],"replies":[{"embeddable":true,"href":"https:\/\/consultprevsante.com\/index.php\/wp-json\/wp\/v2\/comments?post=990"}],"version-history":[{"count":49,"href":"https:\/\/consultprevsante.com\/index.php\/wp-json\/wp\/v2\/pages\/990\/revisions"}],"predecessor-version":[{"id":2893,"href":"https:\/\/consultprevsante.com\/index.php\/wp-json\/wp\/v2\/pages\/990\/revisions\/2893"}],"wp:attachment":[{"href":"https:\/\/consultprevsante.com\/index.php\/wp-json\/wp\/v2\/media?parent=990"}],"curies":[{"name":"wp","href":"https:\/\/api.w.org\/{rel}","templated":true}]}}